-h**2 + h - 1. Let z(b) = -5*f(b) - k(b). What is z(3)?
-5
Suppose -5*a = 4*i - 19 + 44, i - 25 = 5*a. Let m(k) = 3*k**2 + k**3 - 2*k + 2*k**2 + k. Determine m(a).
5
Suppose -17*z = -15*z - 4. Let n(o) = -2*o**z + 5*o**2 - 2*o**2 + o. Give n(-4).
12
Let r(x) = x**3 - 4*x**2 + 3*x - 19. Let w be r(4). Let a(h) = -h - 1. Give a(w).
6
Let a(b) = -5*b - 8. Let o(w) = -6*w - 9. Let n(q) = -4*a(q) + 3*o(q). Calculate n(5).
15
Let w be -2*(-21)/(-12)*-2. Let z(a) = -a + 9. Let i be z(w). Suppose m + 12 = -i*m. Let s(p) = 3*p + 3. Determine s(m).
-9
Let r(d) = -d**3 + 8*d**2 + 9*d. Let f be r(9). Let u(w) = w**2 - w - 7. What is u(f)?
-7
Suppose 2 = 3*n + 2*b + 1, 8 = -2*b. Let p be -1 + (7 - 2/(-1)). Suppose o + p = -n*o. Let g(w) = -4*w - 3. Calculate g(o).
5
Let k(w) = w**2 + 3*w + 3. Let l be (1 + 2)/((-3)/2). What is k(l)?
1
Let u be 18/(-9)*6/(-2). Let l(c) = -5*c + 2*c**2 + c**2 + c**2 - 9 - u*c**2. Let z(y) = y**2 + 3*y + 4. Let h(t) = -2*l(t) - 5*z(t). Calculate h(-2).
4
Suppose 5 = -n + 2*t, n + t - 4 + 0 = 0. Let z(k) = 8*k**2 + 1. Determine z(n).
9
Let c(u) = -4*u**2 - 3*u + 6. Let x(v) = -v + 1. Let h(w) = c(w) - 4*x(w). What is h(2)?
-12
Let c(v) = v**3 + 11*v**2 + 6*v. Let j(g) = -g**3 - 12*g**2 - 6*g - 1. Let m(p) = -5*c(p) - 4*j(p). Let u(y) = y**2 + 5*y - 6. Let s be u(-5). What is m(s)?
4
Suppose -4*l - 4 = -2*u - 0, 5*l - 5 = 0. Let c(b) = -4*b + 8. Let j(a) = -12*a + 23. Let w(x) = -17*c(x) + 6*j(x). What is w(u)?
-14
Let g(w) = 0 - 4*w**3 - 5*w**2 + 4*w**3 - w**3 - w + 4. Let f be -5 - (0 + (1 - 1)). What is g(f)?
9
Let z(s) = 7*s**2 - s + 6. Let m(b) = -14*b**2 + 2*b - 11. Let v(q) = 6*m(q) + 11*z(q). Calculate v(-1).
-8
Let g(j) = -5*j**2 - 4*j - 1. Let a(s) = -s**2 - s. Let x(c) = 2*a(c) - g(c). What is x(-2)?
9
Let r be 6 + (0 - 1/1). Suppose -3*h + r*h = 3*w - 2, 3*w - 6 = 0. Let a(z) = -z**2 + h*z - z**2 + z**2. Determine a(4).
-8
Let w(p) be the third derivative of p**5/20 - p**4/6 + p**3/2 - 3*p**2. Calculate w(2).
7
Suppose -2*y + 2 + 0 = 0. Let k be 35/5 + (y - 3). Let q(t) = -t + k*t**2 - 3*t**2 + 8*t + 4. Calculate q(-4).
8
Let g(x) = x + 1. Let n be g(2). Let a = 22 + -11. Suppose n = -4*w + a. Let z(b) = -b**2 + 2*b - 3. Determine z(w).
-3
Let g be 32/14 + (-6)/21. Let b be 4 + (0 - g) + 3. Let w(f) = -1 + f + 2*f - 3*f - f. What is w(b)?
-6
Let j be 27/(-3) + 4 + 3. Let h(m) = m - 2. Calculate h(j).
-4
Suppose -a + 12 = 2*a + 2*m, 5*a - 4*m - 20 = 0. Suppose -q + 13 = -3*g, -a*g - 3*q - q + 4 = 0. Let l(z) = -z**2 - 2*z + 1. Calculate l(g).
-2
Let k(z) = -2*z + 0 + 0 - 1 + 3*z. Let p be (-1 + 0)*(2 - 2). Give k(p).
-1
Suppose 2*u = 3 - 1. Let q(z) = -6*z**3 - 2*z + 1. Determine q(u).
-7
Suppose 5*f = -4*v - 8, -2*v - f + 2*f + 10 = 0. Let t(u) = -u**2 + 4*u - 1. Let y be t(v). Let w(q) = -q**3 + 2*q**2 - 4*q + 3. Determine w(y).
-5
Let d(k) = -k**2 - 9 - 8*k**2 + 9*k - k**3 - 7*k. Give d(-9).
-27
Let h = 117 + -115. Let l(w) be the third derivative of 0*w + 1/12*w**4 - 1/6*w**3 - w**h + 0. Calculate l(-3).
-7
Let x(k) = -k**2 + 1. Let l be (4/(-8))/((-2)/8). Let v(g) = 1 + l*g**2 + 3*g - g**3 - 4*g + 2*g. Let i be v(2). Determine x(i).
-8
Let v(k) = k - 2 + 0*k + 7. Let x be v(0). Let a(c) = -c**2 + 7*c - 3. Give a(x).
7
Let f be (-7 + 3)/(6/(-9)). Let q(i) = i**3 - 5*i**2 - 4*i - 6. Let h be q(f). Let y(r) = -r**2 + 5*r + 1. Give y(h).
-5
Suppose -4*s = -s. Let z(y) = -1 - 1 + s + 2*y + y. Calculate z(2).
4
Let r(w) = -7*w**3 - 9*w**2 - 9*w - 2. Let o(z) = 3*z**3 + 4*z**2 + 4*z + 1. Let d(u) = -5*o(u) - 2*r(u). What is d(-1)?
0
Let q(p) = -2*p + 9. Suppose 0 = -2*j - 4*g + 20, -j - g - 11 = -6*g. Let w = j - -2. Calculate q(w).
-3
Let b(z) = z**2 + 6*z - 10. Suppose -4*l = 2*r - 3*l + 12, -5*l - 25 = 5*r. Calculate b(r).
-3
Let c = -33 - -27. Let g(b) be the second derivative of b**4/12 + b**3 - 3*b**2 + 2*b. Give g(c).
-6
Let g(q) be the third derivative of 7/24*q**4 + 0*q + 1/15*q**5 - 1/120*q**6 - q**3 - 8*q**2 + 0. What is g(5)?
4
Suppose -5*q + 12 = -3. Let w(i) = i**2 - 2*i**3 + 4*i - 3 - 3*i + q*i**3. Give w(0).
-3
Let m(l) = -l. Let p = -6 - -11. Determine m(p).
-5
Suppose -3*a = d - 15 + 4, -2*a + 24 = 4*d. Suppose 0 = -w + a*w + 4. Let k(p) = 3*p + p**3 + 2 + 6*p**2 - 5 + 2*p. Give k(w).
9
Let r be 2/3 + 96/(-36). Let b be 6/(0 - (-3)/(-2)). Let q = r - b. Let y(p) = -p**3 + p + 1. Calculate y(q).
-5
Suppose h = 2*h + 7. Let g(b) = b**2 + 9*b + 5. What is g(h)?
-9
Let j = 19 + -3. Suppose -4*w + j + 0 = 0. Let h(c) be the third derivative of -c**6/120 + c**5/12 - c**4/8 + c**3/6 - c**2. Give h(w).
5
Let t(f) = -f**2 - 7*f - 6. Let i(w) = -w**2 + 4*w + 7. Let g be i(6). Let v be t(g). Let m(k) = -2 - 3*k**2 - 2*k**2 + v*k**2 + 6*k. Calculate m(4).
6
Let l(g) = -g**3 + 5*g**2 + 5*g + 3. Let v be l(6). Let w(p) = -p - 2. Determine w(v).
1
Let o(n) = -n**2 - n + 6. Let z = -6 + 10. Suppose 4*s = 4*h - z, -s + 6*s = -3*h + 3. What is o(s)?
6
Let y = 33 - 46. Let f = y - -8. Let g(z) = -2*z**2 - z + 5. Let d(x) = -x**2 + 3. Let s(c) = 7*d(c) - 4*g(c). Give s(f).
6
Suppose -y + 2 = p, -5*y = p + p - 19. Let m = y - 3. Let g(z) = 0*z + 3*z + 0*z - 2. Calculate g(m).
4
Let l be ((-13)/(-2))/((-5)/10). Suppose 0 = -5*t + 35 + 5. Let c = t + l. Let j(u) = -u**2 - 7*u - 6. What is j(c)?
4
Let w(d) = -d - 1. Let m(i) = 28*i + 4. Let q(n) = -m(n) - 3*w(n). Give q(1).
-26
Suppose 3*w = 3*x, -6*w + w + 3*x - 2 = 0. Let b(k) = 6*k + 1. Give b(w).
-5
Let c be 81/(-15) - 6/10. Let j(y) = y**3 + 7*y**2 + 6*y. Let z be j(c). Let r(w) = -w**3 + w + 5. What is r(z)?
5
Let y(n) be the third derivative of n**5/120 + n**4/24 - n**3/3 - 2*n**2. Let l(u) be the first derivative of y(u). Calculate l(3).
4
Let b(c) = -c**2 + 0*c**2 + 6 - c**3 - 3 + c. Suppose -s - 20 = -4*i, 4*s + 0*i - 2*i = -10. Calculate b(s).
3
Let k(y) be the first derivative of -y**7/840 + y**6/120 + y**5/60 + y**4/6 - y**3 + 5. Let l(p) be the third derivative of k(p). Give l(4).
-4
Let q = -12 + 17. Let z(s) = -2*s - 3 + q + 3*s - 5. Let d = 8 - 5. Calculate z(d).
0
Let l(i) = -i**2 + 12*i - 21. Let v be l(9). Let o(n) = -2*n + 4. Give o(v).
-8
Let t(p) = -3*p**3 - 3*p**2 - 3*p - 1. Let n(s) = -s**3 + s**2 - s - 1. Let v(z) = -2*n(z) + t(z). Give v(-4).
-11
Let c(y) = -y**3 - y**2 - 2*y + 3. Let b be c(0). Let w(p) = p - 2. Determine w(b).
1
Let b(t) = -8*t**2 - t. Let p be -1*(12/4)/3. What is b(p)?
-7
Let o(t) = -t**2 - t - 1. Let m(a) = a**2 + 5*a + 2. Let u(i) = -m(i) - 2*o(i). Suppose 2*b = -8, 5*b + 14 = r + r. Let p = 1 - r. Calculate u(p).
4
Let i(c) = -c - 1. Let g = -18 + 23. Let v(p) = p**3 - 4*p**2 - 7*p + 4. Let x be v(g). Give i(x).
5
Let x(f) be the second derivative of -f**5/20 - f**4/12 + f**3/6 + 3*f**2/2 + f. Let g be -1*(-5 - (-4 + -1)). Calculate x(g).
3
Let p(t) = 5*t**2 - 5*t + 6 + 5*t**2 - 11*t**2. What is p(-6)?
0
Suppose 0 = -2*d - 0*d - 10. Let h = d + 8. Let b(j) = -3*j + 1 + h*j + 2*j**3. What is b(-1)?
-1
Let v(n) be the third derivative of -n**6/120 - 7*n**5/60 + n**3/2 + n**2. Let a be v(-7). Let p(q) = 2*q**3 - 2*q**a + 5*q**3. Calculate p(-1).
-5
Let a(s) = -s**3 - 5*s**2 + 2. Let v(z) = -z**2 - 12*z. Let w be v(-11). Let g = -16 + w. What is a(g)?
2
Let q(u) = 7 + u + 0 + 2. What is q(-5)?
4
Let a be 5/2*2 - 3. Let b(r) = 5*r + 2 - 1 - 5 - r**a. Determine b(5).
-4
Let b(f) = -f**2 + 4*f - 1. Let a(u) = -u**2 - 6*u - 6. Suppose x - i + 6 = 0, -2*x - 5*i = -x + 6. Let h be a(x). Let o be 48/20 + h/(-10). Give b(o).
2
Let k(u) = -u - 7. Let g be k(-11). Let w(s) = -4*s**3 - 95*s - s**3 + g*s**3 + s**2 + 94*s. Let y be 4/2 - (0 + 1). Calculate w(y).
-1
Let q = -2 - 1. Let d(r) = -r + 1. Let s be d(q). Let z(p) = -p**2 + 3*p - 3. Determine z(s).
-7
Suppose -2*x + 2*u + 157 = 61, 3*x - 146 = u. Let a be 2/(-4) - x/(-14). Let q(l) = 4*l**2 - a*l - 1 + 0 + l + 5*l**2. What is q(-1)?
10
Let a(b) = b. Let j(n) = -n**2 + 10*n - 3. Let z(g) = 2*a(g) - j(g). Calculate z(4).
-13
Let s(a) = a**3 - 6*a**2 + 4*a + 7. Let v be s(5). Let w(i) be the first derivative of 6*i - 2*i**v + 1 + 1/3*i**3. Calculate w(5).
11
Let u(k) be the third derivative of -k**9/60480 + k**8/5040 + k**7/5040 + k**6/144 + k**5/30 + 2*k**2. Let o(g) be the third derivative of u(g). Calculate o(4).
9
Let i(b) be the third derivative of b**5/12 - b**4/12 - b**3/6 